28)/9198)?
8
Let l(v) = v**3 - 15*v**2 - 21*v - 31. What is the hundreds digit of l(20)?
5
Let v(c) = c**3 - 24*c**2 + 31*c - 19. Let o be v(23). Let w = o + -113. What is the units digit of (-1 - w - 1)*37/(-74)?
7
Let f = -8822 + 43209. What is the hundreds digit of f?
3
Suppose 16*n - 22*n = -1320. Suppose 5*w - n = -2*y, 5*w = -4*y - 0*y + 220. What is the tens digit of w?
4
Suppose 3*z = 2*z + 30. Suppose -2*o - 4*g + 2 = 0, 2*o - z = 3*g - 0*g. Let m = 29 + o. What is the tens digit of m?
3
Suppose -9686 = b + s - 41101, 5*s - 94251 = -3*b. What is the hundreds digit of b?
4
Suppose -5*n - 4*b + 243 + 1462 = 0, -3*n - 5*b + 1036 = 0. What is the tens digit of n - (-8 - (0 + -3))?
4
Let c = -26157 - -43272. What is the thousands digit of c?
7
Let v(p) = 89*p**3 - p**2 - 19*p + 35. What is the ten thousands digit of v(7)?
3
Let k(j) = -j**3 - 13*j**2 - 14*j - 6. Let n be k(-12). Let p be (-5)/30 - (-3)/n. Suppose 16*m - 21*m + 195 = p. What is the tens digit of m?
3
Let j be (-2)/(4/(-89))*(22 + -4). Let g be (-1)/9 + j/(-81). What is the hundreds digit of (585/g)/3*-6?
1
Suppose -3*v + 719 + 70 = 0. Let t be 2*((-6)/12 + 2). Suppose -t*x - 4*f = -v, -5*x + 4*x + 101 = -2*f. What is the tens digit of x?
9
Let y be ((-6)/(-4) - 2)/((-2)/28). Let c be y/14 + 7767/6. Suppose -16*x = -9*x - c. What is the units digit of x?
5
Let j = 14 - -1. Suppose 5*i = j, 5*i = -2*a - 2*a + 31. Suppose 330 = a*w - 2. What is the units digit of w?
3
Let v(w) = 2*w**2 - 33*w + 16. Let b be v(16). Suppose j + j - 4 = 2*p, b = -3*p + j + 2. What is the units digit of p?
2
Let d(c) = -143*c**3 - 27*c**2 - 90*c + 10. What is the thousands digit of d(-4)?
9
Suppose -8*w + 10 = -30. Suppose -u - w = -381. What is the tens digit of u?
7
Let w = 822 - -278. Let t = w - 519. What is the units digit of t?
1
Suppose -17*n = -334 - 18361 - 35161. What is the units digit of n?
8
Let z(w) = -w**3 - 96*w**2 + 106*w + 114. What is the thousands digit of z(-101)?
0
Let w(h) be the third derivative of 19*h**5/60 + h**4/6 + h**3/6 - 12*h**2. Let c be w(10). What is the tens digit of c/45 + 8/(-60)?
4
Let d = 401 + -310. Let v = -30 + d. What is the units digit of v?
1
Let u(p) = p**3 - 14*p**2 - 13*p + 13. Let x = -29 + 32. Suppose -x*v + 52 = 7. What is the tens digit of u(v)?
4
Let x = 180 + -272. Let i be (x/(-12))/((-3)/(-171)). What is the tens digit of i/3 - (-18)/54?
4
Let z be (-2328)/60 + 8/10 + -1. Let c = z + 41. Suppose -c*v - 321 = -5*v. What is the units digit of v?
7
Let d(q) = 139*q + 3. Let c be (-1)/((-3)/12)*(-3)/(-6). Let w be d(c). Suppose -4*g = 5*i - w, -3*i = 6*g - 7*g + 83. What is the tens digit of g?
7
Let x be 2 + -3 + 7 + 2. Let g(z) = 4*z**2 - 13*z - 10. What is the tens digit of g(x)?
4
Let i be 2000/150*(0 + (-18)/(-5)). Suppose -2*k - 10 = -3*x + i, -x = -2. What is the hundreds digit of (-6)/4 + (-3913)/k?
1
What is the units digit of (-298 - -308)/((-21686)/65094 - 4/(-12))?
5
Let h(y) = -y**3 + 6*y**2 + 36*y - 82. Let t be h(9). Suppose -r = 2*r. What is the units digit of 2 + t + 17 + r + -1?
7
Let n be (-11 + 2)/(6/(-68)). Suppose h + 0*u - 4*u = 33, -5*h - u = -n. Let t(j) = j**2 - 17*j + 32. What is the tens digit of t(h)?
1
Let l(b) = 1684*b**2 - 299*b - 148. What is the thousands digit of l(7)?
0
Let q be 22/3 + 3/(-9). Let j(n) = -12 - 11 + 4*n + 10*n + q. What is the units digit of j(7)?
2
Suppose 76*c = 60*c + 203856 + 117792. What is the ten thousands digit of c?
2
What is the ten thousands digit of ((1001/(-616))/(2/196))/(3/(-1572))?
8
Suppose -2 = 9*c - 11*c, 1297 = 4*k + c. Suppose -3*x + 120 + k = 0. Let l = x + -97. What is the units digit of l?
1
Suppose -102475 = -3*s - 4*u, 4*s - 4*u = -85786 + 222382. What is the tens digit of s?
5
Let f(t) = t + 5*t + 0*t - 7*t + 29*t**2 - 40. What is the units digit of f(-5)?
0
Let d = 355 + -354. What is the units digit of (-129668)/(-168) - d/(-6)?
2
Suppose -61*p = -56*p + m - 30613, -2*p + 12232 = -4*m. What is the thousands digit of p?
6
Let y = -42301 + 71697. What is the thousands digit of y?
9
Let a(l) = l**3 + 26*l**2 - 87*l. Let k be a(-29). Let u = k - -127. What is the hundreds digit of u?
1
Let t be 273/(-5) - 12/30. Let x be -2*(-1 + t/(-10)). Let j(w) = -w**3 - 7*w**2 + 15*w + 22. What is the units digit of j(x)?
9
Let w be (1 - 6) + -106 + -2. Let c = -103 - w. What is the tens digit of c?
1
Let i be -48*(10/(-2) - -4). Suppose -i*z = -53*z + 4015. What is the hundreds digit of z?
8
Let x(d) = -d**2 - 3*d + 12. Let z be x(-5). Suppose 0 = -z*y + 2, -2*y - 1913 = -5*a. What is the units digit of a?
3
Let k be ((-8)/(-6))/((-33)/(-99)). Suppose 0 = i - 3, k*h - 4*i + 6*i = 418. What is the units digit of h?
3
Suppose 211*f + 24992 = 215*f. What is the hundreds digit of f?
2
Suppose -4580 = -5*j + 3*x, 4*j - x - 1129 - 2535 = 0. What is the units digit of j?
6
Let h = 7517 - 1848. Suppose -h = -8*g + 10611. What is the units digit of g?
5
Suppose -5904 = 2*q - 18*q. What is the tens digit of (q - 4)*(-6)/(-10)?
1
Suppose -5*k = 5*l - 107610, -38*k - 43044 = -40*k + 4*l. What is the hundreds digit of k?
5
Let s = 22 + 6. Suppose 4*o - 7*d = -3*d + s, d = -5. Let r(x) = 50*x + 4. What is the tens digit of r(o)?
0
Suppose 22*d - 9 = 19*d, 2*l - 11346 = -4*d. What is the thousands digit of l?
5
Suppose 3*j + 2 = -4*f, j + 3 = f - 0. Let y(l) be the second derivative of 5*l**4/6 + l**3/6 - 2*l**2 + 232*l. What is the units digit of y(j)?
4
Let k be (-5 - 1)/((-10)/(-15)*-3). Let y be (-1)/((-226)/75 + k). Suppose y*z = 77*z - 30. What is the tens digit of z?
1
Suppose -o - 4*j + 84 + 43 = 0, -233 = -2*o - j. Let q = o - -110. What is the hundreds digit of q?
2
Let c(n) = 10*n - 6. Let g be c(7). Suppose y - g = -x, 0 = 2*y - 4*x - 0*x - 98. What is the units digit of y?
9
Suppose 106 + 4 = g. Suppose 7*t = -4*t + g. What is the units digit of -681*6/(-90) + (-4)/t?
5
What is the units digit of (-5819)/(0 - (-15)/(-45))?
7
Let d = 6 - 4. Suppose 0 = -11*w - 24 + 200. Suppose -d*l - w + 100 = 0. What is the tens digit of l?
4
Let x = 291 - -74. Suppose 69*f = 64*f + x. What is the units digit of f?
3
Let b(r) = 3*r - 62. Let n be b(22). Let z(v) = 2*v**3 + 3*v**2 + 6*v + 1. What is the hundreds digit of z(n)?
2
Let m(i) = 39*i**2 - 95*i + 1068. What is the tens digit of m(11)?
4
Suppose 238 = 5*j - 297. What is the units digit of j/2*20*(-6)/(-12)?
5
Let a = -651 - -1756. What is the tens digit of a/30*26 + 4/(-6)?
5
Suppose 4*g - 6981 = -5*z + 2*z, -6*g + 2*z = -10452. What is the tens digit of g?
4
Let m(h) = 10*h**2 + 48*h + 6. Let p(r) = 3*r**2 + 16*r + 2. Let w(z) = 2*m(z) - 7*p(z). What is the tens digit of w(-8)?
6
Let f(v) = v + 2. Let g(h) = -2*h - 1. Let k be g(-1). Let y be f(k). Suppose -s = -4*p - 33, 0 = -s - y*p + 24 + 37. What is the units digit of s?
9
Let a be (-7)/(490/(-10)) - (-68)/14. Suppose a*h = 3*x + 2882, 4*h + 4*x - 23 - 2257 = 0. What is the hundreds digit of h?
5
Suppose -24 + 9 = -5*u. Let v(p) = -3*p + 4*p**2 + 6 + p**2 - 3 + p**u - 2*p**2. What is the units digit of v(2)?
7
Suppose 0 = -29*r + 8*r - 12558. Let y = -393 - r. What is the tens digit of y?
0
Let g(m) = -135*m - 793. What is the hundreds digit of g(-33)?
6
Suppose -20*p + 4164 = -3656. Let a = 146 - 416. Let h = p + a. What is the hundreds digit of h?
1
Let x = -36 + 59. Suppose 0*o = -2*d - 5*o - 6, 0 = -d + 4*o + x. Suppose d*i - 391 = 78. What is the units digit of i?
7
Let l be 6/(-4)*(-32)/24. Suppose -k + 22 = -2*k + p, 0 = -l*k + p - 44. Let a(u) = u + 39. What is the tens digit of a(k)?
1
Let a(z) = -2*z**3 - 11*z**2 - 12*z + 6. Let s be a(-10). Suppose 32*b - 26*b = s. What is the hundreds digit of b?
1
Let s(l) = -2*l**3 + 4*l**2 + 19*l + 7. Let t be s(-7). Let x = t + -469. What is the tens digit of x?
8
Let i(t) = t**3 - t**2 + 19*t - 12. Suppose -247*v = -242*v - 35. What is the units digit of i(v)?
5
Suppose 14*v + 2*u + 11195 = 19*v, 11175 = 5*v + 2*u. What is the hundreds digit of v?
2
Let l be 46/(3/1 - 2). Suppose 10 = 2*m, 9*m - 4*m + 119 = 3*d. Suppose -l*k - 48 = -d*k. What is the units digit of k?
4
Suppose 11*g - 2133 + 527 = 0. Suppose -153*m = -155*m + g. What is the units digit of m?
3
Let w = 31390 + -19594. What is the units digit of w?
6
Suppose 12*k - 9